-- http://www.phpmyadmin.net
-- 
-- Хост: localhost
-- Время создания: Ноя 18 2012 г., 04:22
-- Версия сервера: 5.0.45
-- Версия PHP: 5.2.4
-- 
-- БД: `777`
-- 

-- --------------------------------------------------------

-- 
-- Структура таблицы `vii_albums`
-- 

CREATE TABLE `vii_albums` (
  `aid` int(11) NOT NULL auto_increment,
  `user_id` int(11) NOT NULL,
  `111` int(11) NOT NULL,
  `photo_num` mediumint(9) NOT NULL,
  `comm_num` mediumint(9) NOT NULL,
  `cover` text NOT NULL,
  `descr` text NOT NULL,
  `ahash` text NOT NULL,
  `position` text NOT NULL,
  `adate` varchar(50) NOT NULL,
  `name` varchar(100) NOT NULL,
  `privacy` text NOT NULL,
  `url` text NOT NULL,
  PRIMARY KEY  (`aid`)
) ENGINE=MyISAM AUTO_INCREMENT=23 DEFAULT CHARSET=utf8 AUTO_INCREMENT=23 ;

-- 
-- Дамп данных таблицы `vii_albums`
-- 

INSERT INTO `vii_albums` VALUES (21, 59, 0, 2, 0, '97698035e73cc7c3e024.jpg', 'Мой фотоальбом - Мои фотографии', '889573b48a2e8c25a604ff4642fb3c93', '0', '2012-11-14 20:56:16', 'Я', '1|1', '');
INSERT INTO `vii_albums` VALUES (22, 59, 0, 3, 0, 'dee8c9ddb80a9197cd89.jpg', '', 'd0bcbf97c448a5e26f4b6fa255629d69', '0', '2012-11-14 21:00:15', 'Я и не только', '1|1', '');

-- --------------------------------------------------------

-- 
-- Структура таблицы `vii_attach`
-- 

CREATE TABLE `vii_attach` (
  `id` int(11) NOT NULL auto_increment,
  `photo` text NOT NULL,
  `ouser_id` int(11) NOT NULL,
  PRIMARY KEY  (`id`)
) ENGINE=MyISAM AUTO_INCREMENT=4 DEFAULT CHARSET=utf8 AUTO_INCREMENT=4 ;

-- 
-- Дамп данных таблицы `vii_attach`
-- 

INSERT INTO `vii_attach` VALUES (1, 'a4a459ef5a5c05c092d5.jpg', 53);
INSERT INTO `vii_attach` VALUES (2, '51a208153ddacdffdb35.png', 59);
INSERT INTO `vii_attach` VALUES (3, '171a9f0dc8e98800ed73.jpg', 60);

-- --------------------------------------------------------

-- 
-- Структура таблицы `vii_audio`
-- 

CREATE TABLE `vii_audio` (
  `aid` int(11) NOT NULL auto_increment,
  `auser_id` int(11) NOT NULL,
  `name` text NOT NULL,
  `url` text NOT NULL,
  `artist` text NOT NULL,
  `adate` varchar(25) NOT NULL,
  `user_search_pref` int(11) NOT NULL,
  PRIMARY KEY  (`aid`),
  FULLTEXT KEY `q` (`artist`,`name`)
) ENGINE=MyISAM AUTO_INCREMENT=3 DEFAULT CHARSET=cp1251 AUTO_INCREMENT=3 ;

-- 
-- Дамп данных таблицы `vii_audio`
-- 


-- --------------------------------------------------------

-- 
-- Структура таблицы `vii_banned`
-- 

CREATE TABLE `vii_banned` (
  `descr` text NOT NULL,
  `date` varchar(50) NOT NULL,
  `always` text NOT NULL,
  `ip` text NOT NULL,
  `id` int(11) NOT NULL auto_increment,
  PRIMARY KEY  (`id`)
) ENGINE=MyISAM AUTO_INCREMENT=3 DEFAULT CHARSET=utf8 AUTO_INCREMENT=3 ;

-- 
-- Дамп данных таблицы `vii_banned`
-- 


-- --------------------------------------------------------

-- 
-- Структура таблицы `vii_blog`
-- 

CREATE TABLE `vii_blog` (
  `title` varchar(30) NOT NULL,
  `story` text NOT NULL,
  `date` varchar(50) NOT NULL,
  `id` int(11) NOT NULL auto_increment,
  PRIMARY KEY  (`id`)
) ENGINE=MyISAM AUTO_INCREMENT=6 DEFAULT CHARSET=utf8 AUTO_INCREMENT=6 ;

-- 
-- Дамп данных таблицы `vii_blog`
-- 

INSERT INTO `vii_blog` VALUES ('Урра! Мы открылись!', 'Урра! Мы открылись! Теперь можете регистрироваться и приглашать своих друзей!', '1352912528', 5);

-- --------------------------------------------------------

-- 
-- Структура таблицы `vii_city`
-- 

CREATE TABLE `vii_city` (
  `id` int(11) NOT NULL auto_increment,
  `name` varchar(25) NOT NULL,
  `id_country` int(11) NOT NULL,
  PRIMARY KEY  (`id`)
) ENGINE=MyISAM AUTO_INCREMENT=20 DEFAULT CHARSET=utf8 AUTO_INCREMENT=20 ;

-- 
-- Дамп данных таблицы `vii_city`
-- 

INSERT INTO `vii_city` VALUES (2, 'Киев', 3);
INSERT INTO `vii_city` VALUES (6, 'Харьков', 3);
INSERT INTO `vii_city` VALUES (7, 'Львов', 3);
INSERT INTO `vii_city` VALUES (8, 'Днепропетровск', 3);
INSERT INTO `vii_city` VALUES (18, 'Волгоград', 2);
INSERT INTO `vii_city` VALUES (19, 'Волжский', 2);

-- --------------------------------------------------------

-- 
-- Структура таблицы `vii_communities`
-- 

CREATE TABLE `vii_communities` (
  `id` int(11) NOT NULL auto_increment,
  `uid` int(11) NOT NULL,
  `descr` text NOT NULL,
  `traf` int(11) NOT NULL,
  `ulist` text NOT NULL,
  `photo` text NOT NULL,
  `admin` text NOT NULL,
  `feedback` int(11) NOT NULL,
  `comments` int(11) NOT NULL,
  `real_admin` text NOT NULL,
  `rec_num` mediumint(9) NOT NULL,
  `del` varchar(3) NOT NULL,
  `ban` varchar(3) NOT NULL,
  `adres` text NOT NULL,
  `audio_num` mediumint(9) NOT NULL,
  `title` text NOT NULL,
  `date` varchar(30) NOT NULL,
  `type` int(11) NOT NULL,
  `photos_num` mediumint(9) NOT NULL,
  `cnt` text NOT NULL,
  `videos_num` int(11) NOT NULL,
  `photo_num` int(11) NOT NULL,
  PRIMARY KEY  (`id`)
) ENGINE=MyISAM AUTO_INCREMENT=22 DEFAULT CHARSET=utf8 AUTO_INCREMENT=22 ;

-- 
-- Дамп данных таблицы `vii_communities`
-- 

INSERT INTO `vii_communities` VALUES (21, 0, 'Официальная группа Билайн.', 2, '|59||60|', '294d4520492dea9a53f9.jpg', 'u59|', 1, 1, '59', 1, '', '', 'beeline', 0, 'Оф.Группа Билайн', '2012-11-14 18:48:23', 1, 0, '', 0, 0);

-- --------------------------------------------------------

-- 
-- Структура таблицы `vii_communities_audio`
-- 

CREATE TABLE `vii_communities_audio` (
  `id` int(11) NOT NULL auto_increment,
  `public_id` int(11) NOT NULL,
  `aid` int(11) NOT NULL,
  `adate` varchar(30) NOT NULL,
  `name` varchar(100) NOT NULL,
  `artist` varchar(100) NOT NULL,
  `url` text NOT NULL,
  PRIMARY KEY  (`id`)
) ENGINE=MyISAM DEFAULT CHARSET=utf8 AUTO_INCREMENT=1 ;

-- 
-- Дамп данных таблицы `vii_communities_audio`
-- 


-- --------------------------------------------------------

-- 
-- Структура таблицы `vii_communities_feedback`
-- 

CREATE TABLE `vii_communities_feedback` (
  `id` int(11) NOT NULL auto_increment,
  `cid` int(11) NOT NULL,
  `office` text NOT NULL,
  `fphone` text NOT NULL,
  `femail` text NOT NULL,
  `fdate` varchar(25) NOT NULL,
  `fuser_id` int(11) NOT NULL,
  PRIMARY KEY  (`id`)
) ENGINE=MyISAM AUTO_INCREMENT=2 DEFAULT CHARSET=utf8 AUTO_INCREMENT=2 ;

-- 
-- Дамп данных таблицы `vii_communities_feedback`
-- 

INSERT INTO `vii_communities_feedback` VALUES (1, 21, 'Администратор', '89064064600', 'dima-markelov@mail.ru', '1352908540', 59);

-- --------------------------------------------------------

-- 
-- Структура таблицы `vii_communities_photos`
-- 

CREATE TABLE `vii_communities_photos` (
  `id` int(11) NOT NULL auto_increment,
  `public_id` int(11) NOT NULL,
  `add_date` varchar(30) NOT NULL,
  `photo` text NOT NULL,
  PRIMARY KEY  (`id`)
) ENGINE=MyISAM DEFAULT CHARSET=utf8 AUTO_INCREMENT=1 ;

-- 
-- Дамп данных таблицы `vii_communities_photos`
-- 


-- --------------------------------------------------------

-- 
-- Структура таблицы `vii_communities_wall`
-- 

CREATE TABLE `vii_communities_wall` (
  `id` int(11) NOT NULL auto_increment,
  `title` varchar(100) NOT NULL,
  `public_id` int(11) NOT NULL,
  `fast_comm_id` int(11) NOT NULL,
  `add_date` varchar(25) NOT NULL,
  `date` varchar(30) NOT NULL,
  `text` text NOT NULL,
  `attach` text NOT NULL,
  `fasts_num` mediumint(9) NOT NULL,
  `admin` text NOT NULL,
  `likes_num` mediumint(9) NOT NULL,
  `likes_users` text NOT NULL,
  `tell_uid` int(11) NOT NULL,
  `tell_date` varchar(30) NOT NULL,
  `public` text NOT NULL,
  `tell_comm` text NOT NULL,
  PRIMARY KEY  (`id`)
) ENGINE=MyISAM AUTO_INCREMENT=7 DEFAULT CHARSET=utf8 AUTO_INCREMENT=7 ;

-- 
-- Дамп данных таблицы `vii_communities_wall`
-- 

INSERT INTO `vii_communities_wall` VALUES (1, '', 20, 0, '1349888255', '', 'dvdv', '', 0, '', 1, 'u53|', 0, '', '', '');
INSERT INTO `vii_communities_wall` VALUES (2, '', 20, 0, '1349954042', '', 'тра', '', 0, '', 0, '', 0, '', '', '');
INSERT INTO `vii_communities_wall` VALUES (3, '', 20, 0, '1349954066', '', '', 'audio|5||audio|6||audio|6||', 0, '', 1, 'u53|', 0, '', '', '');
INSERT INTO `vii_communities_wall` VALUES (4, '', 20, 0, '1349974125', '', '<div class="profile_update_photo"><a href="" onClick="Photo.Profile(''56'', ''90a8736a45457bf.jpg''); return false"><img src="/uploads/users/56/o_90a8736a45457bf.jpg" style="margin-top:3px"></a></div>', '', 0, '', 0, '', 56, '1349973974', '0', '');
INSERT INTO `vii_communities_wall` VALUES (5, '', 20, 0, '1350044520', '', 'sss', '', 0, '', 0, '', 0, '', '', '');
INSERT INTO `vii_communities_wall` VALUES (6, '', 21, 0, '1352904622', '', 'Полным ходом идёт разработка.', 'smile|1.gif||', 0, '', 3, 'u61|u59|u60|', 0, '', '', '');

-- --------------------------------------------------------

-- 
-- Структура таблицы `vii_communities_wall_like`
-- 

CREATE TABLE `vii_communities_wall_like` (
  `id` int(11) NOT NULL auto_increment,
  `rec_id` int(11) NOT NULL,
  `user_id` int(11) NOT NULL,
  `date` varchar(30) NOT NULL,
  PRIMARY KEY  (`id`)
) ENGINE=MyISAM AUTO_INCREMENT=7 DEFAULT CHARSET=utf8 AUTO_INCREMENT=7 ;

-- 
-- Дамп данных таблицы `vii_communities_wall_like`
-- 

INSERT INTO `vii_communities_wall_like` VALUES (1, 1, 53, '1349954030');
INSERT INTO `vii_communities_wall_like` VALUES (3, 3, 53, '1349955123');
INSERT INTO `vii_communities_wall_like` VALUES (4, 6, 60, '1352904641');
INSERT INTO `vii_communities_wall_like` VALUES (5, 6, 59, '1352908462');
INSERT INTO `vii_communities_wall_like` VALUES (6, 6, 61, '1353196432');

-- --------------------------------------------------------

-- 
-- Структура таблицы `vii_country`
-- 

CREATE TABLE `vii_country` (
  `id` int(11) NOT NULL auto_increment,
  `name` varchar(25) NOT NULL,
  PRIMARY KEY  (`id`)
) ENGINE=MyISAM AUTO_INCREMENT=5 DEFAULT CHARSET=utf8 AUTO_INCREMENT=5 ;

-- 
-- Дамп данных таблицы `vii_country`
-- 

INSERT INTO `vii_country` VALUES (2, 'Россия');
INSERT INTO `vii_country` VALUES (3, 'Украина');

-- --------------------------------------------------------

-- 
-- Структура таблицы `vii_doc`
-- 

CREATE TABLE `vii_doc` (
  `did` int(11) NOT NULL auto_increment,
  `duser_id` int(11) NOT NULL,
  `dname` varchar(150) NOT NULL,
  `dsize` varchar(19) NOT NULL,
  `ddate` varchar(100) NOT NULL,
  `ddownload_name` text NOT NULL,
  PRIMARY KEY  (`did`)
) ENGINE=MyISAM AUTO_INCREMENT=2 DEFAULT CHARSET=utf8 AUTO_INCREMENT=2 ;

-- 
-- Дамп данных таблицы `vii_doc`
-- 

INSERT INTO `vii_doc` VALUES (1, 56, 'trans.gif', '9.6 Кб', '1349973927', '280ec66cac564938663a0b85d.gif');

-- --------------------------------------------------------

-- 
-- Структура таблицы `vii_fave`
-- 

CREATE TABLE `vii_fave` (
  `user_id` int(11) NOT NULL,
  `fave_id` int(11) NOT NULL,
  `date` date NOT NULL
) ENGINE=MyISAM DEFAULT CHARSET=utf8;

-- 
-- Дамп данных таблицы `vii_fave`
-- 

INSERT INTO `vii_fave` VALUES (53, 54, '2012-10-11');
INSERT INTO `vii_fave` VALUES (53, 55, '2012-10-12');
INSERT INTO `vii_fave` VALUES (59, 60, '2012-11-15');

-- --------------------------------------------------------

-- 
-- Структура таблицы `vii_friends`
-- 

CREATE TABLE `vii_friends` (
  `user_id` int(11) NOT NULL,
  `from_user_id` int(11) NOT NULL,
  `friend_id` int(11) NOT NULL,
  `friends_date` date NOT NULL,
  `for_user_id` int(11) NOT NULL,
  `subscriptions` int(11) NOT NULL,
  `did` int(11) NOT NULL,
  `dname` varchar(50) NOT NULL,
  `ddate` varchar(30) NOT NULL,
  `ddownload_name` varchar(50) NOT NULL,
  `duser_id` int(11) NOT NULL,
  `views` int(11) NOT NULL
) ENGINE=MyISAM DEFAULT CHARSET=utf8;

-- 
-- Дамп данных таблицы `vii_friends`
-- 

INSERT INTO `vii_friends` VALUES (53, 0, 20, '2012-10-10', 0, 2, 0, '', '', '', 0, 0);
INSERT INTO `vii_friends` VALUES (47, 0, 18, '2012-10-04', 0, 2, 0, '', '', '', 0, 0);
INSERT INTO `vii_friends` VALUES (44, 0, 15, '2012-10-01', 0, 2, 0, '', '', '', 0, 0);
INSERT INTO `vii_friends` VALUES (49, 0, 19, '2012-10-04', 0, 2, 0, '', '', '', 0, 0);
INSERT INTO `vii_friends` VALUES (42, 0, 11, '2012-09-30', 0, 2, 0, '', '', '', 0, 0);
INSERT INTO `vii_friends` VALUES (53, 0, 54, '2012-10-11', 0, 1, 0, '', '', '', 0, 0);
INSERT INTO `vii_friends` VALUES (55, 0, 18, '2012-10-11', 0, 2, 0, '', '', '', 0, 0);
INSERT INTO `vii_friends` VALUES (55, 0, 20, '2012-10-11', 0, 2, 0, '', '', '', 0, 0);
INSERT INTO `vii_friends` VALUES (55, 0, 53, '2012-10-11', 0, 1, 0, '', '', '', 0, 0);
INSERT INTO `vii_friends` VALUES (53, 0, 55, '2012-10-11', 0, 0, 0, '', '', '', 0, 5);
INSERT INTO `vii_friends` VALUES (55, 0, 53, '2012-10-11', 0, 0, 0, '', '', '', 0, 5);
INSERT INTO `vii_friends` VALUES (56, 0, 20, '2012-10-11', 0, 2, 0, '', '', '', 0, 0);
INSERT INTO `vii_friends` VALUES (56, 0, 53, '2012-10-11', 0, 0, 0, '', '', '', 0, 4);
INSERT INTO `vii_friends` VALUES (53, 0, 56, '2012-10-11', 0, 0, 0, '', '', '', 0, 7);
INSERT INTO `vii_friends` VALUES (53, 0, 55, '2012-10-12', 0, 1, 0, '', '', '', 0, 0);
INSERT INTO `vii_friends` VALUES (57, 0, 20, '2012-10-12', 0, 2, 0, '', '', '', 0, 0);
INSERT INTO `vii_friends` VALUES (57, 0, 18, '2012-10-12', 0, 2, 0, '', '', '', 0, 0);
INSERT INTO `vii_friends` VALUES (60, 0, 59, '2012-11-15', 0, 0, 0, '', '', '', 0, 11);
INSERT INTO `vii_friends` VALUES (59, 0, 60, '2012-11-15', 0, 0, 0, '', '', '', 0, 1);
INSERT INTO `vii_friends` VALUES (60, 0, 59, '2012-11-15', 0, 1, 0, '', '', '', 0, 0);
INSERT INTO `vii_friends` VALUES (59, 0, 21, '2012-11-14', 0, 2, 0, '', '', '', 0, 0);
INSERT INTO `vii_friends` VALUES (60, 0, 21, '2012-11-14', 0, 2, 0, '', '', '', 0, 0);
INSERT INTO `vii_friends` VALUES (60, 0, 61, '2012-11-18', 0, 0, 0, '', '', '', 0, 1);
INSERT INTO `vii_friends` VALUES (61, 0, 60, '2012-11-18', 0, 0, 0, '', '', '', 0, 17);

-- --------------------------------------------------------

-- 
-- Структура таблицы `vii_friends_demands`
-- 

CREATE TABLE `vii_friends_demands` (
  `for_user_id` int(11) NOT NULL,
  `demand_date` int(11) NOT NULL,
  `from_user_id` int(11) NOT NULL
) ENGINE=MyISAM DEFAULT CHARSET=utf8;

-- 
-- Дамп данных таблицы `vii_friends_demands`
-- 

INSERT INTO `vii_friends_demands` VALUES (48, 2012, 47);
INSERT INTO `vii_friends_demands` VALUES (54, 2012, 53);
INSERT INTO `vii_friends_demands` VALUES (58, 2012, 53);
INSERT INTO `vii_friends_demands` VALUES (59, 2012, 61);

-- --------------------------------------------------------

-- 
-- Структура таблицы `vii_gifts`
-- 

CREATE TABLE `vii_gifts` (
  `gid` int(11) NOT NULL auto_increment,
  `text` varchar(255) NOT NULL,
  `gdate` date NOT NULL,
  `uid` int(11) NOT NULL,
  `gift` text NOT NULL,
  `from_uid` int(11) NOT NULL,
  `msg` text NOT NULL,
  `privacy` int(11) NOT NULL,
  `status` text NOT NULL,
  PRIMARY KEY  (`gid`)
) ENGINE=MyISAM AUTO_INCREMENT=7 DEFAULT CHARSET=utf8 AUTO_INCREMENT=7 ;

-- 
-- Дамп данных таблицы `vii_gifts`
-- 

INSERT INTO `vii_gifts` VALUES (1, '', '0000-00-00', 54, '698', 53, '', 1, '1');
INSERT INTO `vii_gifts` VALUES (2, '', '0000-00-00', 54, '147', 53, '', 1, '1');
INSERT INTO `vii_gifts` VALUES (3, '', '0000-00-00', 55, '698', 53, '', 1, '1');
INSERT INTO `vii_gifts` VALUES (4, '', '0000-00-00', 56, '147', 53, '', 1, '1');
INSERT INTO `vii_gifts` VALUES (5, '', '0000-00-00', 58, '147', 53, '', 1, '1');
INSERT INTO `vii_gifts` VALUES (6, '', '0000-00-00', 58, '698', 53, '', 1, '1');

-- --------------------------------------------------------

-- 
-- Структура таблицы `vii_gifts_list`
-- 

CREATE TABLE `vii_gifts_list` (
  `gid` int(11) NOT NULL auto_increment,
  `price` int(11) NOT NULL,
  `img` varchar(100) NOT NULL,
  PRIMARY KEY  (`gid`)
) ENGINE=MyISAM AUTO_INCREMENT=13 DEFAULT CHARSET=utf8 AUTO_INCREMENT=13 ;

-- 
-- Дамп данных таблицы `vii_gifts_list`
-- 

INSERT INTO `vii_gifts_list` VALUES (7, 3, '764');
INSERT INTO `vii_gifts_list` VALUES (6, 1, '610');
INSERT INTO `vii_gifts_list` VALUES (5, 1, '550');
INSERT INTO `vii_gifts_list` VALUES (8, 50, '959');
INSERT INTO `vii_gifts_list` VALUES (9, 1, '317');
INSERT INTO `vii_gifts_list` VALUES (10, 2, '55');
INSERT INTO `vii_gifts_list` VALUES (11, 16, '493');
INSERT INTO `vii_gifts_list` VALUES (12, 23, '695');

-- --------------------------------------------------------

-- 
-- Структура таблицы `vii_im`
-- 

CREATE TABLE `vii_im` (
  `all_msg_num` int(11) NOT NULL,
  `iuser_id` int(11) NOT NULL,
  `im_user_id` int(11) NOT NULL,
  `id` int(11) NOT NULL auto_increment,
  `msg_num` varchar(50) NOT NULL,
  `idate` varchar(50) NOT NULL,
  PRIMARY KEY  (`id`)
) ENGINE=MyISAM AUTO_INCREMENT=17 DEFAULT CHARSET=utf8 AUTO_INCREMENT=17 ;

-- 
-- Дамп данных таблицы `vii_im`
-- 

INSERT INTO `vii_im` VALUES (5, 53, 57, 14, '0', '1350021872');
INSERT INTO `vii_im` VALUES (1, 57, 53, 13, '0', '1350021872');
INSERT INTO `vii_im` VALUES (7, 53, 56, 12, '0', '1349974048');
INSERT INTO `vii_im` VALUES (7, 56, 53, 11, '0', '1349974048');
INSERT INTO `vii_im` VALUES (11, 60, 59, 15, '0', '1352914516');
INSERT INTO `vii_im` VALUES (11, 59, 60, 16, '0', '1352914516');

-- --------------------------------------------------------

-- 
-- Структура таблицы `vii_invites`
-- 

CREATE TABLE `vii_invites` (
  `id` int(11) NOT NULL auto_increment,
  `ruid` int(11) NOT NULL,
  `uid` int(11) NOT NULL,
  PRIMARY KEY  (`id`)
) ENGINE=MyISAM DEFAULT CHARSET=utf8 AUTO_INCREMENT=1 ;

-- 
-- Дамп данных таблицы `vii_invites`
-- 


-- --------------------------------------------------------

-- 
-- Структура таблицы `vii_log`
-- 

CREATE TABLE `vii_log` (
  `ip` varchar(50) NOT NULL,
  `uid` int(11) NOT NULL,
  `browser` text NOT NULL
) ENGINE=MyISAM DEFAULT CHARSET=utf8;

-- 
-- Дамп данных таблицы `vii_log`
-- 

INSERT INTO `vii_log` VALUES ('91.220.61.68', 50, 'Opera/9.80 (Windows NT 5.1; U; ru) Presto/2.10.289 Version/12.02');
INSERT INTO `vii_log` VALUES ('79.136.165.214', 49, 'Mozilla/5.0 (Windows NT 6.1; WOW64; rv:16.0) Gecko/20100101 Firefox/16.0');
INSERT INTO `vii_log` VALUES ('178.150.152.170', 48, 'Mozilla/5.0 (Windows NT 6.1; WOW64) AppleWebKit/537.4 (KHTML, like Gecko) Chrome/22.0.1229.79 Safari/537.4');
INSERT INTO `vii_log` VALUES ('2.60.42.191', 47, 'Mozilla/5.0 (Windows NT 6.1) AppleWebKit/537.4 (KHTML, like Gecko) Chrome/22.0.1229.79 Safari/537.4');
INSERT INTO `vii_log` VALUES ('2.60.43.134', 46, 'Mozilla/5.0 (Windows NT 6.1) AppleWebKit/537.4 (KHTML, like Gecko) Chrome/22.0.1229.79 Safari/537.4');
INSERT INTO `vii_log` VALUES ('2.60.43.134', 45, 'Mozilla/5.0 (Windows NT 6.1) AppleWebKit/537.4 (KHTML, like Gecko) Chrome/22.0.1229.79 Safari/537.4');
INSERT INTO `vii_log` VALUES ('176.210.20.163', 44, 'Mozilla/5.0 (Windows NT 6.1) AppleWebKit/537.4 (KHTML, like Gecko) Chrome/22.0.1229.79 Safari/537.4');
INSERT INTO `vii_log` VALUES ('2.60.30.37', 43, 'Mozilla/5.0 (Windows NT 6.1) AppleWebKit/537.4 (KHTML, like Gecko) Chrome/22.0.1229.79 Safari/537.4');
INSERT INTO `vii_log` VALUES ('2.60.39.231', 42, 'Mozilla/5.0 (Windows NT 6.1) AppleWebKit/537.4 (KHTML, like Gecko) Chrome/22.0.1229.79 Safari/537.4');
INSERT INTO `vii_log` VALUES ('213.87.121.41', 51, 'Mozilla/5.0 (Windows NT 5.1) AppleWebKit/537.4 (KHTML, like Gecko) Chrome/22.0.1229.79 Safari/537.4');
INSERT INTO `vii_log` VALUES ('213.87.121.41', 52, 'Opera/9.80 (Windows NT 5.1; U; ru) Presto/2.10.289 Version/12.02');
INSERT INTO `vii_log` VALUES ('2.60.94.64', 53, 'Mozilla/5.0 (Windows NT 6.1) AppleWebKit/537.4 (KHTML, like Gecko) Chrome/22.0.1229.94 Safari/537.4');
INSERT INTO `vii_log` VALUES ('178.95.20.174', 54, 'Mozilla/5.0 (Windows NT 5.1; rv:15.0) Gecko/20100101 Firefox/15.0.1');
INSERT INTO `vii_log` VALUES ('2.60.94.53', 55, 'Mozilla/5.0 (compatible; MSIE 9.0; Windows NT 6.1; Trident/5.0)');
INSERT INTO `vii_log` VALUES ('78.108.79.134', 56, 'Mozilla/5.0 (Windows NT 5.1) AppleWebKit/537.4 (KHTML, like Gecko) Chrome/22.0.1229.94 Safari/537.4');
INSERT INTO `vii_log` VALUES ('217.173.27.182', 57, 'Mozilla/5.0 (Windows NT 6.1) AppleWebKit/535.19 (KHTML, like Gecko) Chrome/18.0.1025.1634 Safari/535.19 YI');
INSERT INTO `vii_log` VALUES ('217.212.230.86', 58, 'Opera/9.80 (J2ME/MIDP; Opera Mini/7.0.30567/28.2725; U; ru) Presto/2.8.119 Version/11.10');
INSERT INTO `vii_log` VALUES ('127.0.0.1', 59, 'Mozilla/5.0 (Windows NT 5.1; rv:16.0) Gecko/20100101 Firefox/16.0');
INSERT INTO `vii_log` VALUES ('127.0.0.1', 60, 'Mozilla/5.0 (Windows NT 5.1) AppleWebKit/535.19 (KHTML, like Gecko) Chrome/18.0.1025.1634 Safari/535.19 YI');
INSERT INTO `vii_log` VALUES ('127.0.0.1', 61, 'Mozilla/5.0 (Windows NT 5.1; rv:16.0) Gecko/20100101 Firefox/16.0');

-- --------------------------------------------------------

-- 
-- Структура таблицы `vii_mail_tpl`
-- 

CREATE TABLE `vii_mail_tpl` (
  `id` int(11) NOT NULL,
  `text` text NOT NULL,
  PRIMARY KEY  (`id`)
) ENGINE=MyISAM DEFAULT CHARSET=utf8;

-- 
-- Дамп данных таблицы `vii_mail_tpl`
-- 


-- --------------------------------------------------------

-- 
-- Структура таблицы `vii_messages`
-- 

CREATE TABLE `vii_messages` (
  `id` int(11) NOT NULL auto_increment,
  `text` text NOT NULL,
  `for_user_id` int(11) NOT NULL,
  `pm_read` text NOT NULL,
  `from_user_id` int(11) NOT NULL,
  `folder` text NOT NULL,
  `history_user_id` int(11) NOT NULL,
  `theme` text NOT NULL,
  `date` varchar(25) NOT NULL,
  `attach` varchar(200) NOT NULL,
  `title` text NOT NULL,
  `tell_uid` mediumint(9) NOT NULL,
  `tell_date` varchar(30) NOT NULL,
  `public` varchar(200) NOT NULL,
  `tell_comm` varchar(200) NOT NULL,
  PRIMARY KEY  (`id`)
) ENGINE=MyISAM AUTO_INCREMENT=89 DEFAULT CHARSET=utf8 AUTO_INCREMENT=89 ;

-- 
-- Дамп данных таблицы `vii_messages`
-- 

INSERT INTO `vii_messages` VALUES (52, 'но не чё норм сделал! дороботать и в поряде будет', 56, 'yes', 53, 'outbox', 56, '...', '1349974016', '', '', 0, '', '', '');
INSERT INTO `vii_messages` VALUES (51, 'но не чё норм сделал! дороботать и в поряде будет', 53, 'yes', 56, 'inbox', 56, '...', '1349974016', '', '', 0, '', '', '');
INSERT INTO `vii_messages` VALUES (50, '', 53, 'yes', 56, 'outbox', 53, '...', '1349973920', 'smile|37.gif||photo_u|aa9d0a1fea5976743b17.jpg|18||video|d43aee095de1354.jpg|14|53||', '', 0, '', '', '');
INSERT INTO `vii_messages` VALUES (49, '', 56, 'yes', 53, 'inbox', 53, '...', '1349973920', 'smile|37.gif||photo_u|aa9d0a1fea5976743b17.jpg|18||video|d43aee095de1354.jpg|14|53||', '', 0, '', '', '');
INSERT INTO `vii_messages` VALUES (48, ')))))))', 56, 'yes', 53, 'outbox', 56, '...', '1349973870', 'smile|1.gif||photo_u|attach|d729a77890a484165ed1.jpg||video|d43aee095de1354.jpg|15|56||', '', 0, '', '', '');
INSERT INTO `vii_messages` VALUES (47, ')))))))', 53, 'yes', 56, 'inbox', 56, '...', '1349973870', 'smile|1.gif||photo_u|attach|d729a77890a484165ed1.jpg||video|d43aee095de1354.jpg|15|56||', '', 0, '', '', '');
INSERT INTO `vii_messages` VALUES (46, '.....', 53, 'yes', 56, 'outbox', 53, '...', '1349973821', '', '', 0, '', '', '');
INSERT INTO `vii_messages` VALUES (45, '.....', 56, 'yes', 53, 'inbox', 53, '...', '1349973821', '', '', 0, '', '', '');
INSERT INTO `vii_messages` VALUES (44, 'тест', 56, 'yes', 53, 'outbox', 56, '...', '1349973772', '', '', 0, '', '', '');
INSERT INTO `vii_messages` VALUES (43, 'тест', 53, 'yes', 56, 'inbox', 56, '...', '1349973772', '', '', 0, '', '', '');
INSERT INTO `vii_messages` VALUES (53, '', 53, 'yes', 56, 'inbox', 56, '...', '1349974036', 'smile|45.gif||', '', 0, '', '', '');
INSERT INTO `vii_messages` VALUES (54, '', 56, 'yes', 53, 'outbox', 56, '...', '1349974036', 'smile|45.gif||', '', 0, '', '', '');
INSERT INTO `vii_messages` VALUES (55, 'стена осталась!', 56, 'yes', 53, 'inbox', 53, '...', '1349974048', '', '', 0, '', '', '');
INSERT INTO `vii_messages` VALUES (56, 'стена осталась!', 53, 'yes', 56, 'outbox', 53, '...', '1349974048', '', '', 0, '', '', '');
INSERT INTO `vii_messages` VALUES (57, 'купил наконецто )', 53, 'yes', 57, 'inbox', 57, '...', '1350021500', '', '', 0, '', '', '');
INSERT INTO `vii_messages` VALUES (60, 'что?', 53, 'yes', 57, 'outbox', 53, '...', '1350021781', '', '', 0, '', '', '');
INSERT INTO `vii_messages` VALUES (61, 'двиг)', 53, 'yes', 57, 'inbox', 57, '...', '1350021799', '', '', 0, '', '', '');
INSERT INTO `vii_messages` VALUES (64, 'уже давно, почти доделал базу', 53, 'yes', 57, 'outbox', 53, '...', '1350021854', '', '', 0, '', '', '');
INSERT INTO `vii_messages` VALUES (65, ':)', 53, 'yes', 57, 'inbox', 57, '...', '1350021872', '', '', 0, '', '', '');
INSERT INTO `vii_messages` VALUES (66, ':)', 57, 'yes', 53, 'outbox', 57, '...', '1350021872', '', '', 0, '', '', '');
INSERT INTO `vii_messages` VALUES (67, 'Приветка, как ты !', 59, 'yes', 60, 'inbox', 60, '...', '1352904690', '', '', 0, '', '', '');
INSERT INTO `vii_messages` VALUES (68, 'Приветка, как ты !', 60, 'yes', 59, 'outbox', 60, '...', '1352904690', '', '', 0, '', '', '');
INSERT INTO `vii_messages` VALUES (69, 'все норм', 60, 'yes', 59, 'inbox', 59, '...', '1352904703', '', '', 0, '', '', '');
INSERT INTO `vii_messages` VALUES (70, 'все норм', 59, 'yes', 60, 'outbox', 59, '...', '1352904703', '', '', 0, '', '', '');
INSERT INTO `vii_messages` VALUES (71, 'аааа', 60, 'yes', 59, 'inbox', 59, '...', '1352904711', '', '', 0, '', '', '');
INSERT INTO `vii_messages` VALUES (72, 'аааа', 59, 'yes', 60, 'outbox', 59, '...', '1352904711', '', '', 0, '', '', '');
INSERT INTO `vii_messages` VALUES (73, 'ббббб', 60, 'yes', 59, 'inbox', 59, '...', '1352904713', '', '', 0, '', '', '');
INSERT INTO `vii_messages` VALUES (74, 'ббббб', 59, 'yes', 60, 'outbox', 59, '...', '1352904713', '', '', 0, '', '', '');
INSERT INTO `vii_messages` VALUES (75, 'ахахаха', 59, 'yes', 60, 'inbox', 60, '...', '1352904724', '', '', 0, '', '', '');
INSERT INTO `vii_messages` VALUES (76, 'ахахаха', 60, 'yes', 59, 'outbox', 60, '...', '1352904724', '', '', 0, '', '', '');
INSERT INTO `vii_messages` VALUES (77, '', 60, 'yes', 59, 'inbox', 59, '...', '1352904738', 'photo_u|attach|51a208153ddacdffdb35.png||', '', 0, '', '', '');
INSERT INTO `vii_messages` VALUES (78, '', 59, 'yes', 60, 'outbox', 59, '...', '1352904738', 'photo_u|attach|51a208153ddacdffdb35.png||', '', 0, '', '', '');
INSERT INTO `vii_messages` VALUES (79, 'Ыыыыыыыыыыы', 60, 'yes', 59, 'inbox', 59, '...', '1352904740', '', '', 0, '', '', '');
INSERT INTO `vii_messages` VALUES (80, 'Ыыыыыыыыыыы', 59, 'yes', 60, 'outbox', 59, '...', '1352904740', '', '', 0, '', '', '');
INSERT INTO `vii_messages` VALUES (81, 'ыыыыыыыыыыы', 60, 'yes', 59, 'inbox', 59, '...', '1352908278', '', '', 0, '', '', '');
INSERT INTO `vii_messages` VALUES (82, 'ыыыыыыыыыыы', 59, 'yes', 60, 'outbox', 59, '...', '1352908278', '', '', 0, '', '', '');
INSERT INTO `vii_messages` VALUES (83, '', 60, 'yes', 59, 'inbox', 59, '...', '1352914159', 'smile|34.gif||', '', 0, '', '', '');
INSERT INTO `vii_messages` VALUES (84, '', 59, 'yes', 60, 'outbox', 59, '...', '1352914159', 'smile|34.gif||', '', 0, '', '', '');
INSERT INTO `vii_messages` VALUES (85, '', 59, 'yes', 60, 'inbox', 60, '...', '1352914172', 'smile|2.gif||', '', 0, '', '', '');
INSERT INTO `vii_messages` VALUES (86, '', 60, 'yes', 59, 'outbox', 60, '...', '1352914172', 'smile|2.gif||', '', 0, '', '', '');
INSERT INTO `vii_messages` VALUES (87, '', 60, 'yes', 59, 'inbox', 59, '...', '1352914516', 'audio|12||', '', 0, '', '', '');
INSERT INTO `vii_messages` VALUES (88, '', 59, 'yes', 60, 'outbox', 59, '...', '1352914516', 'audio|12||', '', 0, '', '', '');

-- --------------------------------------------------------

-- 
-- Структура таблицы `vii_news`
-- 

CREATE TABLE `vii_news` (
  `action_text` text NOT NULL,
  `action_time` varchar(50) NOT NULL,
  `ac_id` int(11) NOT NULL auto_increment,
  `ac_user_id` int(11) NOT NULL,
  `action_type` tinyint(11) NOT NULL,
  `obj_id` int(11) NOT NULL,
  `author_user_id` int(11) NOT NULL,
  `for_user_id` int(11) NOT NULL,
  `fasts_num` mediumint(11) NOT NULL,
  `title` varchar(50) NOT NULL,
  `photo` int(11) NOT NULL,
  `comments` int(11) NOT NULL,
  PRIMARY KEY  (`ac_id`)
) ENGINE=MyISAM AUTO_INCREMENT=205 DEFAULT CHARSET=utf8 AUTO_INCREMENT=205 ;

-- 
-- Дамп данных таблицы `vii_news`
-- 

INSERT INTO `vii_news` VALUES ('', '1350021205', 171, 55, 1, 37, 0, 0, 0, '', 0, 0);
INSERT INTO `vii_news` VALUES ('|u53|', '1350021211', 172, 53, 7, 37, 0, 55, 0, '', 0, 0);
INSERT INTO `vii_news` VALUES ('bfb', '1350021215', 173, 53, 6, 37, 0, 55, 0, '', 0, 0);
INSERT INTO `vii_news` VALUES ('<div class="profile_update_photo"><a href="" onClick="Photo.Profile(''57'', ''f1f1641ae105362.jpg''); return false"><img src="/uploads/users/57/o_f1f1641ae105362.jpg" style="margin-top:3px"></a></div>', '1350021509', 174, 57, 1, 39, 0, 0, 0, '', 0, 0);
INSERT INTO `vii_news` VALUES ('Скоро закрою сайт!', '1350022017', 175, 53, 1, 40, 0, 0, 0, '', 0, 0);
INSERT INTO `vii_news` VALUES ('', '1350044304', 176, 53, 1, 41, 0, 0, 0, '', 0, 0);
INSERT INTO `vii_news` VALUES ('sss', '1350044520', 177, 20, 11, 5, 0, 0, 0, '', 0, 0);
INSERT INTO `vii_news` VALUES ('sd', '1350044529', 178, 53, 6, 37, 0, 55, 0, '', 0, 0);
INSERT INTO `vii_news` VALUES ('<div class="profile_update_photo"><a href="" onClick="Photo.Profile(''53'', ''e9832e9058a4e07.jpg''); return false"><img src="/uploads/users/53/o_e9832e9058a4e07.jpg" style="margin-top:3px"></a></div>', '1350047466', 179, 53, 1, 43, 0, 0, 0, '', 0, 0);
INSERT INTO `vii_news` VALUES ('vfd', '1350047610', 180, 53, 1, 44, 0, 0, 0, '', 0, 0);
INSERT INTO `vii_news` VALUES ('Мы делаем Мир лучше!', '1352903540', 182, 59, 1, 46, 0, 0, 0, '', 0, 0);
INSERT INTO `vii_news` VALUES ('|u61||u60|', '1353066127', 196, 60, 7, 46, 0, 59, 0, '', 0, 0);
INSERT INTO `vii_news` VALUES ('<div class="profile_update_photo"><a href="" onClick="Photo.Profile(''61'', ''2cbc9ca736c3c3a.jpg''); return false"><img src="/uploads/users/61/o_2cbc9ca736c3c3a.jpg" style="margin-top:3px"></a></div>', '1353066108', 198, 61, 1, 56, 0, 0, 0, '', 0, 0);
INSERT INTO `vii_news` VALUES ('<div class="profile_update_photo"><a href="" onClick="Photo.Profile(''60'', ''e2cdc6295d6fec6.jpg''); return false"><img src="/uploads/users/60/o_e2cdc6295d6fec6.jpg" style="margin-top:3px"></a></div>', '1353000937', 195, 60, 1, 55, 0, 0, 0, '', 0, 0);
INSERT INTO `vii_news` VALUES ('59', '1352904113', 184, 60, 4, 0, 0, 0, 0, '', 0, 0);
INSERT INTO `vii_news` VALUES ('60', '1352904113', 185, 59, 4, 0, 0, 0, 0, '', 0, 0);
INSERT INTO `vii_news` VALUES ('Полным ходом идёт разработка.', '1352904622', 186, 21, 11, 6, 0, 0, 0, '', 0, 0);
INSERT INTO `vii_news` VALUES ('16|/uploads/videos/59/a4e17484375c032.jpg', '1352911656', 189, 59, 2, 0, 0, 0, 0, '', 0, 0);
INSERT INTO `vii_news` VALUES ('66|/uploads/users/59/albums/22/c_0c51937d5d5a91ad4b77.jpg||65|/uploads/users/59/albums/22/c_2626e9ff901c206ad932.jpg||64|/uploads/users/59/albums/22/c_dee8c9ddb80a9197cd89.jpg||63|/uploads/users/59/albums/21/c_127175edc09714514e63.jpg||62|/uploads/users/59/albums/21/c_97698035e73cc7c3e024.jpg', '1352912415', 190, 59, 3, 0, 0, 0, 0, '', 0, 0);
INSERT INTO `vii_news` VALUES ('=)', '1352912660', 191, 59, 6, 50, 0, 60, 0, '', 0, 0);
INSERT INTO `vii_news` VALUES ('60', '1353000764', 192, 59, 4, 0, 0, 0, 0, '', 0, 0);
INSERT INTO `vii_news` VALUES ('59', '1353000764', 193, 60, 4, 0, 0, 0, 0, '', 0, 0);
INSERT INTO `vii_news` VALUES ('|u61|', '1353197280', 204, 61, 7, 55, 0, 60, 0, '', 0, 0);
INSERT INTO `vii_news` VALUES ('|u61|', '1353066116', 200, 61, 7, 53, 0, 59, 0, '', 0, 0);
INSERT INTO `vii_news` VALUES ('|u61|', '1353066135', 201, 61, 7, 50, 0, 60, 0, '', 0, 0);
INSERT INTO `vii_news` VALUES ('60', '1353195456', 202, 61, 4, 0, 0, 0, 0, '', 0, 0);
INSERT INTO `vii_news` VALUES ('61', '1353195456', 203, 60, 4, 0, 0, 0, 0, '', 0, 0);

-- --------------------------------------------------------

-- 
-- Структура таблицы `vii_notes`
-- 

CREATE TABLE `vii_notes` (
  `id` int(11) NOT NULL auto_increment,
  `full_text` varchar(255) NOT NULL,
  `title` varchar(50) NOT NULL,
  `comm_num` varchar(25) NOT NULL,
  `owner_user_id` int(11) NOT NULL,
  `user_name` varchar(40) NOT NULL,
  `date` datetime NOT NULL,
  PRIMARY KEY  (`id`)
) ENGINE=MyISAM AUTO_INCREMENT=6 DEFAULT CHARSET=utf8 AUTO_INCREMENT=6 ;

-- 
-- Дамп данных таблицы `vii_notes`
-- 

INSERT INTO `vii_notes` VALUES (5, 'нннн', 'нпннн', '3', 56, '', '2012-10-11 20:41:58');

-- --------------------------------------------------------

-- 
-- Структура таблицы `vii_notes_comments`
-- 

CREATE TABLE `vii_notes_comments` (
  `id` int(11) NOT NULL auto_increment,
  `text` varchar(255) NOT NULL,
  `note_id` int(11) NOT NULL,
  PRIMARY KEY  (`id`)
) ENGINE=MyISAM DEFAULT CHARSET=utf8 AUTO_INCREMENT=1 ;

-- 
-- Дамп данных таблицы `vii_notes_comments`
-- 


-- --------------------------------------------------------

-- 
-- Структура таблицы `vii_photos`
-- 

CREATE TABLE `vii_photos` (
  `id` int(11) NOT NULL auto_increment,
  `album_id` int(25) NOT NULL,
  `user_id` int(11) NOT NULL,
  `comm_num` mediumint(11) NOT NULL,
  `photo_name` text NOT NULL,
  `date` varchar(50) NOT NULL,
  `position` varchar(200) NOT NULL,
  `descr` text NOT NULL,
  `hash` text NOT NULL,
  PRIMARY KEY  (`id`)
) ENGINE=MyISAM AUTO_INCREMENT=67 DEFAULT CHARSET=utf8 AUTO_INCREMENT=67 ;

-- 
-- Дамп данных таблицы `vii_photos`
-- 

INSERT INTO `vii_photos` VALUES (62, 21, 59, 0, '97698035e73cc7c3e024.jpg', '2012-11-14 20:55:58', '1', '', '');
INSERT INTO `vii_photos` VALUES (63, 21, 59, 0, '127175edc09714514e63.jpg', '2012-11-14 20:56:16', '2', '', '');
INSERT INTO `vii_photos` VALUES (64, 22, 59, 0, 'dee8c9ddb80a9197cd89.jpg', '2012-11-14 21:00:00', '100002', '', '');
INSERT INTO `vii_photos` VALUES (65, 22, 59, 0, '2626e9ff901c206ad932.jpg', '2012-11-14 21:00:07', '100003', '', '');
INSERT INTO `vii_photos` VALUES (66, 22, 59, 0, '0c51937d5d5a91ad4b77.jpg', '2012-11-14 21:00:15', '100004', '', '');

-- --------------------------------------------------------

-- 
-- Структура таблицы `vii_photos_comments`
-- 

CREATE TABLE `vii_photos_comments` (
  `pid` int(11) NOT NULL,
  `text` varchar(255) NOT NULL,
  `album_id` int(11) NOT NULL,
  `user_id` int(11) NOT NULL,
  `date` varchar(45) NOT NULL,
  `hash` text NOT NULL,
  `owner_id` int(11) NOT NULL,
  `photo_name` varchar(50) NOT NULL,
  `id` int(11) NOT NULL
) ENGINE=MyISAM DEFAULT CHARSET=utf8;

-- 
-- Дамп данных таблицы `vii_photos_comments`
-- 

INSERT INTO `vii_photos_comments` VALUES (52, 'nnjkb', 14, 43, '2012-09-30 19:23:53', '494952c3e3096d67a7fed9951e230e39nnjkb52', 43, '55b185a3b62910578370.jpg', 0);
INSERT INTO `vii_photos_comments` VALUES (53, 'jkbg fgxdxy', 14, 43, '2012-09-30 19:24:03', 'ea9f0888801b87e38e2627e6d1e087ffjkbg fgxdxy53', 43, '0505ab9d8f6ddb223568.jpg', 0);
INSERT INTO `vii_photos_comments` VALUES (57, '1', 16, 53, '2012-10-11 06:56:07', '612bb1fccfb9a3ce33762baf219d0432157', 53, '8eaebbd32beed9022816.jpg', 0);
INSERT INTO `vii_photos_comments` VALUES (61, '1', 17, 53, '2012-10-11 20:52:52', '0224886896149ea804cd7a6873b818e7161', 56, '6c5364937839b4c1ef6c.jpg', 0);

-- --------------------------------------------------------

-- 
-- Структура таблицы `vii_photos_mark`
-- 

CREATE TABLE `vii_photos_mark` (
  `mphoto_id` int(11) NOT NULL,
  `mapprove` varchar(25) NOT NULL,
  `muser_id` int(11) NOT NULL,
  `mphoto_name` varchar(100) NOT NULL,
  `msettings_pos` varchar(100) NOT NULL,
  `mmark_user_id` int(11) NOT NULL,
  `mdate` varchar(50) NOT NULL
) ENGINE=MyISAM DEFAULT CHARSET=utf8;

-- 
-- Дамп данных таблицы `vii_photos_mark`
-- 

INSERT INTO `vii_photos_mark` VALUES (62, '1', 61, '', '340, 109, 153, 142', 61, '1353196557');

-- --------------------------------------------------------

-- 
-- Структура таблицы `vii_report`
-- 

CREATE TABLE `vii_report` (
  `id` int(11) NOT NULL auto_increment,
  `ruser_id` int(11) NOT NULL,
  `mid` int(11) NOT NULL,
  `act` text NOT NULL,
  `type` text NOT NULL,
  `text` text NOT NULL,
  `date` text NOT NULL,
  PRIMARY KEY  (`id`)
) ENGINE=MyISAM AUTO_INCREMENT=3 DEFAULT CHARSET=utf8 AUTO_INCREMENT=3 ;

-- 
-- Дамп данных таблицы `vii_report`
-- 


-- --------------------------------------------------------

-- 
-- Структура таблицы `vii_restore`
-- 

CREATE TABLE `vii_restore` (
  `email` varchar(60) NOT NULL,
  `hash` char(100) NOT NULL,
  `ip` varchar(50) NOT NULL
) ENGINE=MyISAM DEFAULT CHARSET=utf8;

-- 
-- Дамп данных таблицы `vii_restore`
-- 

INSERT INTO `vii_restore` VALUES ('admin@admin.ru', '74b0a053ffb0916a97030e51f4755377', '127.0.0.1');

-- --------------------------------------------------------

-- 
-- Структура таблицы `vii_static`
-- 

CREATE TABLE `vii_static` (
  `id` int(11) NOT NULL auto_increment,
  `title` varchar(50) NOT NULL,
  `alt_name` varchar(255) NOT NULL,
  `text` text NOT NULL,
  PRIMARY KEY  (`id`)
) ENGINE=MyISAM AUTO_INCREMENT=3 DEFAULT CHARSET=utf8 AUTO_INCREMENT=3 ;

-- 
-- Дамп данных таблицы `vii_static`
-- 


-- --------------------------------------------------------

-- 
-- Структура таблицы `vii_support`
-- 

CREATE TABLE `vii_support` (
  `title` varchar(255) NOT NULL,
  `question` varchar(50) NOT NULL,
  `suser_id` int(11) NOT NULL,
  `sfor_user_id` int(11) NOT NULL,
  `sdate` date NOT NULL,
  `сdate` date NOT NULL,
  `id` int(11) NOT NULL auto_increment,
  PRIMARY KEY  (`id`)
) ENGINE=MyISAM AUTO_INCREMENT=5 DEFAULT CHARSET=utf8 AUTO_INCREMENT=5 ;

-- 
-- Дамп данных таблицы `vii_support`
-- 

INSERT INTO `vii_support` VALUES ('Проверяка', 'Проверка', 51, 51, '0000-00-00', '0000-00-00', 1);
INSERT INTO `vii_support` VALUES ('Еще раз', 'Мало ли что и здесь', 51, 51, '0000-00-00', '0000-00-00', 2);
INSERT INTO `vii_support` VALUES ('Как положить на счёт?', 'Здравствуйте. Расскажите пожалуйста, как пополнить', 59, 59, '0000-00-00', '0000-00-00', 3);
INSERT INTO `vii_support` VALUES ('у меня вопрос', 'у меня вопрос', 60, 60, '0000-00-00', '0000-00-00', 4);

-- --------------------------------------------------------

-- 
-- Структура таблицы `vii_support_answers`
-- 

CREATE TABLE `vii_support_answers` (
  `qid` int(11) NOT NULL,
  `id` int(11) NOT NULL auto_increment,
  `adate` varchar(25) NOT NULL,
  `answer` text NOT NULL,
  `auser_id` int(11) NOT NULL,
  PRIMARY KEY  (`id`)
) ENGINE=MyISAM AUTO_INCREMENT=3 DEFAULT CHARSET=utf8 AUTO_INCREMENT=3 ;

-- 
-- Дамп данных таблицы `vii_support_answers`
-- 


-- --------------------------------------------------------

-- 
-- Структура таблицы `vii_updates`
-- 

CREATE TABLE `vii_updates` (
  `id` int(11) NOT NULL auto_increment,
  `from_user_id` int(11) NOT NULL,
  `lnk` text NOT NULL,
  `text` text NOT NULL,
  `date` varchar(25) NOT NULL,
  `type` text NOT NULL,
  `for_user_id` int(11) NOT NULL,
  `user_search_pref` text NOT NULL,
  `user_photo` text NOT NULL,
  PRIMARY KEY  (`id`)
) ENGINE=MyISAM AUTO_INCREMENT=12 DEFAULT CHARSET=utf8 AUTO_INCREMENT=12 ;

-- 
-- Дамп данных таблицы `vii_updates`
-- 


-- --------------------------------------------------------

-- 
-- Структура таблицы `vii_users`
-- 

CREATE TABLE `vii_users` (
  `user_id` int(11) NOT NULL auto_increment,
  `user_email` varchar(200) NOT NULL,
  `user_password` char(50) NOT NULL,
  `user_name` varchar(25) NOT NULL,
  `user_lastname` varchar(25) NOT NULL,
  `user_sex` int(11) NOT NULL,
  `user_day` int(11) NOT NULL,
  `user_month` int(11) NOT NULL,
  `user_year` int(11) NOT NULL,
  `user_country` varchar(50) NOT NULL,
  `user_city` varchar(50) NOT NULL,
  `user_reg_date` varchar(60) NOT NULL,
  `user_lastdate` varchar(60) NOT NULL,
  `user_group` smallint(11) NOT NULL,
  `user_hid` char(100) NOT NULL,
  `user_country_city_name` varchar(60) NOT NULL,
  `user_search_pref` varchar(25) NOT NULL,
  `user_birthday` char(11) NOT NULL,
  `user_privacy` text NOT NULL,
  `user_status` varchar(200) NOT NULL,
  `user_audio` int(11) NOT NULL,
  `user_last_visit` text NOT NULL,
  `user_photo` varchar(90) NOT NULL,
  `user_delet` int(11) NOT NULL,
  `user_ban` int(11) NOT NULL,
  `user_balance` int(11) NOT NULL,
  `user_wall_num` mediumint(11) NOT NULL,
  `user_notes_num` mediumint(11) NOT NULL,
  `user_videos_num` mediumint(11) NOT NULL,
  `user_wall_id` int(11) NOT NULL,
  `user_pm_num` mediumint(11) NOT NULL,
  `user_ban_date` datetime NOT NULL,
  `user_friends_demands` int(11) NOT NULL,
  `user_support` int(11) NOT NULL,
  `user_lastupdate` int(11) NOT NULL,
  `user_msg_type` int(11) NOT NULL,
  `user_new_mark_photos` int(11) NOT NULL,
  `user_friends_num` mediumint(11) NOT NULL,
  `user_xfields` text NOT NULL,
  `user_xfields_all` text NOT NULL,
  `user_subscriptions_num` mediumint(11) NOT NULL,
  `user_albums_num` mediumint(11) NOT NULL,
  `user_sp` int(11) NOT NULL,
  `user_gifts` int(11) NOT NULL,
  `user_public_num` mediumint(11) NOT NULL,
  `xfields` text NOT NULL,
  `user_doc_num` mediumint(11) NOT NULL,
  `user_fave_num` mediumint(11) NOT NULL,
  `user_blacklist` text NOT NULL,
  `user_blacklist_num` mediumint(11) NOT NULL,
  `all_liked_users` text NOT NULL,
  PRIMARY KEY  (`user_id`)
) ENGINE=MyISAM AUTO_INCREMENT=62 DEFAULT CHARSET=utf8 AUTO_INCREMENT=62 ;

-- 
-- Дамп данных таблицы `vii_users`
-- 

INSERT INTO `vii_users` VALUES (59, 'admin@admin.ru', '5a8044264adcf9cb1c9ab587818ab043', 'Дмитрий', 'Маркелов', 1, 12, 1, 1990, '2', '18', '1352903467', '1352903467', 1, '5a8044264adcf9cb1c9ab587818ab043499b95eea599df1950b335b8b4e3ea8b', 'Россия|Волгоград', 'Дмитрий Маркелов', '1990-1-12', 'val_msg|1||val_wall1|1||val_wall2|1||val_wall3|1||val_info|1||', 'Мы делаем Мир лучше!', 3, '1353001024', '', 1, 0, 502, 2, 0, 1, 0, 0, '0000-00-00 00:00:00', 1, 0, 1352923200, 1, 0, 1, 'phone|89064064600||skype|dima-markelov||icq|5666061||site|http://ivncity.ru/||', '', 0, 2, 5, 0, 1, 'seek|с девушкой||target|регулярного секса', 0, 1, '', 0, '');
INSERT INTO `vii_users` VALUES (60, 'polinvl.89@mail.ru', '63ee451939ed580ef3c4b6f0109d1fd0', 'Василий', 'Литвинов', 1, 2, 6, 1994, '2', '18', '1352904077', '1352904077', 5, '63ee451939ed580ef3c4b6f0109d1fd0499b95eea599df1950b335b8b4e3ea8b', 'Россия|Волгоград', 'Василий Литвинов', '1994-6-2', 'val_msg|1||val_wall1|1||val_wall2|1||val_wall3|1||val_info|1||', '', 0, '1353198154', 'e2cdc6295d6fec6.jpg', 0, 0, 4, 2, 0, 0, 55, 0, '0000-00-00 00:00:00', 0, 0, 1353195440, 1, 0, 2, '', '', 1, 0, 5, 0, 1, 'seek|не знакомлюсь||target|любовь и отношения', 0, 0, '', 0, '');
INSERT INTO `vii_users` VALUES (61, 'admin@mail.ru', '14e1b600b1fd579f47433b88e8d85291', 'Дмитрий', 'Маркелов', 1, 12, 1, 1990, '2', '18', '1353066083', '1353066083', 1, '14e1b600b1fd579f47433b88e8d85291499b95eea599df1950b335b8b4e3ea8b', 'Россия|Волгоград', 'Дмитрий Маркелов', '1990-1-12', 'val_msg|1||val_wall1|1||val_wall2|1||val_wall3|1||val_info|1||', '', 0, '1353198155', '2cbc9ca736c3c3a.jpg', 0, 0, 2, 1, 0, 0, 56, 0, '0000-00-00 00:00:00', 0, 0, 1353195436, 0, 0, 1, '', '', 0, 0, 0, 0, 0, '', 0, 0, '', 0, '');

-- --------------------------------------------------------

-- 
-- Структура таблицы `vii_videos`
-- 

CREATE TABLE `vii_videos` (
  `id` int(11) NOT NULL auto_increment,
  `owner_user_id` int(11) NOT NULL,
  `title` varchar(255) NOT NULL,
  `descr` text NOT NULL,
  `video` text NOT NULL,
  `comm_num` mediumint(50) NOT NULL,
  `add_date` varchar(50) NOT NULL,
  `views` int(11) NOT NULL,
  `user_name` varchar(50) NOT NULL,
  `photo_num` mediumint(11) NOT NULL,
  `photo` text NOT NULL,
  `privacy` text NOT NULL,
  PRIMARY KEY  (`id`)
) ENGINE=MyISAM AUTO_INCREMENT=17 DEFAULT CHARSET=utf8 AUTO_INCREMENT=17 ;

-- 
-- Дамп данных таблицы `vii_videos`
-- 

INSERT INTO `vii_videos` VALUES (16, 59, 'Жесткая разборка ОМОНа с бандитами', '', '<iframe width="770" height="420" src="http://www.youtube.com/embed/vqNz5uSn_wc" frameborder="0" allowfullscreen></iframe>', 0, '2012-11-14 20:47:40', 3, '', 0, 'http://777.ru/uploads/videos/59/a4e17484375c032.jpg', '1');

-- --------------------------------------------------------

-- 
-- Структура таблицы `vii_videos_comments`
-- 

CREATE TABLE `vii_videos_comments` (
  `id` int(11) NOT NULL auto_increment,
  `author_user_id` int(11) NOT NULL,
  `text` text NOT NULL,
  `add_date` varchar(20) NOT NULL,
  `video_id` int(11) NOT NULL,
  `user_id` int(11) NOT NULL,
  PRIMARY KEY  (`id`)
) ENGINE=MyISAM AUTO_INCREMENT=9 DEFAULT CHARSET=utf8 AUTO_INCREMENT=9 ;

-- 
-- Дамп данных таблицы `vii_videos_comments`
-- 

INSERT INTO `vii_videos_comments` VALUES (6, 43, 'c dvs sd', '2012-09-30 19:24:54', 12, 0);
INSERT INTO `vii_videos_comments` VALUES (7, 44, 'Тест', '2012-10-01 20:42:33', 13, 0);
INSERT INTO `vii_videos_comments` VALUES (8, 53, '1', '2012-10-11 13:42:12', 14, 0);

-- --------------------------------------------------------

-- 
-- Структура таблицы `vii_votes`
-- 

CREATE TABLE `vii_votes` (
  `id` int(11) NOT NULL auto_increment,
  `title` varchar(50) NOT NULL,
  `answers` text NOT NULL,
  `answer_num` mediumint(11) NOT NULL,
  PRIMARY KEY  (`id`)
) ENGINE=MyISAM AUTO_INCREMENT=4 DEFAULT CHARSET=utf8 AUTO_INCREMENT=4 ;

-- 
-- Дамп данных таблицы `vii_votes`
-- 

INSERT INTO `vii_votes` VALUES (2, '33', 'уу|ууу', 0);
INSERT INTO `vii_votes` VALUES (3, 'ssss', 'sasad|dasda', 1);

-- --------------------------------------------------------

-- 
-- Структура таблицы `vii_votes_result`
-- 

CREATE TABLE `vii_votes_result` (
  `id` int(11) NOT NULL auto_increment,
  `user_id` int(11) NOT NULL,
  `vote_id` int(11) NOT NULL,
  `answer` text NOT NULL,
  PRIMARY KEY  (`id`)
) ENGINE=MyISAM AUTO_INCREMENT=2 DEFAULT CHARSET=utf8 AUTO_INCREMENT=2 ;

-- 
-- Дамп данных таблицы `vii_votes_result`
-- 

INSERT INTO `vii_votes_result` VALUES (1, 53, 3, '0');

-- --------------------------------------------------------

-- 
-- Структура таблицы `vii_wall`
-- 

CREATE TABLE `vii_wall` (
  `id` int(11) NOT NULL auto_increment,
  `fast_comm_id` int(11) NOT NULL,
  `fasts_num` int(11) NOT NULL,
  `likes_users` text NOT NULL,
  `author_user_id` int(11) NOT NULL,
  `likes_num` mediumint(11) NOT NULL,
  `add_date` varchar(100) NOT NULL,
  `text` text NOT NULL,
  `tell_uid` int(11) NOT NULL,
  `tell_date` int(11) NOT NULL,
  `public` int(11) NOT NULL,
  `attach` text NOT NULL,
  `for_user_id` int(11) NOT NULL,
  `type` text NOT NULL,
  `tell_comm` int(11) NOT NULL,
  `user_id` int(11) NOT NULL,
  `data` varchar(100) NOT NULL,
  `cnt` int(11) NOT NULL,
  `val_wall` text NOT NULL,
  `check_friend` text NOT NULL,
  PRIMARY KEY  (`id`)
) ENGINE=MyISAM AUTO_INCREMENT=57 DEFAULT CHARSET=utf8 AUTO_INCREMENT=57 ;

-- 
-- Дамп данных таблицы `vii_wall`
-- 

INSERT INTO `vii_wall` VALUES (5, 0, 0, '', 47, 0, '1349191964', 'dd', 0, 0, 0, '', 48, '', 0, 0, '', 0, '', '');
INSERT INTO `vii_wall` VALUES (6, 0, 0, '', 47, 0, '1349288061', '', 0, 0, 0, 'hack|start||vote|2||', 47, '', 0, 0, '', 0, '', '');
INSERT INTO `vii_wall` VALUES (7, 0, 0, '', 49, 0, '1349347564', '<div class="profile_update_photo"><a href="" onClick="Photo.Profile(''49'', ''0183fbc5fad2fe9.jpg''); return false"><img src="/uploads/users/49/o_0183fbc5fad2fe9.jpg" style="margin-top:3px"></a></div>', 0, 0, 0, '', 49, 'обновил фотографию на странице:', 0, 0, '', 0, '', '');
INSERT INTO `vii_wall` VALUES (8, 0, 0, '', 49, 0, '1349347573', 'хай', 0, 0, 0, '', 49, '', 0, 0, '', 0, '', '');
INSERT INTO `vii_wall` VALUES (9, 0, 0, '', 50, 0, '1349354238', 'sa', 0, 0, 0, '', 50, '', 0, 0, '', 0, '', '');
INSERT INTO `vii_wall` VALUES (10, 0, 0, '', 51, 0, '1349361965', '<div class="profile_update_photo"><a href="" onClick="Photo.Profile(''51'', ''b41fcbb4b3defd1.png''); return false"><img src="/uploads/users/51/o_b41fcbb4b3defd1.png" style="margin-top:3px"></a></div>', 0, 0, 0, '', 51, 'обновил фотографию на странице:', 0, 0, '', 0, '', '');
INSERT INTO `vii_wall` VALUES (12, 0, 0, '', 53, 0, '1349954099', '', 20, 1349954066, 1, 'audio|5||audio|6||audio|6||', 53, '', 0, 0, '', 0, '', '');
INSERT INTO `vii_wall` VALUES (13, 0, 0, '', 53, 0, '1349954102', 'тра', 20, 1349954042, 1, '', 53, '', 0, 0, '', 0, '', '');
INSERT INTO `vii_wall` VALUES (14, 0, 0, '', 53, 0, '1349954107', 'dvdv', 20, 1349888255, 1, '', 53, '', 0, 0, '', 0, '', '');
INSERT INTO `vii_wall` VALUES (15, 0, 1, '|u53|', 55, 1, '1349954422', 'dvdv', 20, 1349888255, 1, '', 55, '', 0, 0, '', 0, '', '');
INSERT INTO `vii_wall` VALUES (16, 0, 0, '', 55, 0, '1349954423', 'тра', 20, 1349954042, 1, '', 55, '', 0, 0, '', 0, '', '');
INSERT INTO `vii_wall` VALUES (17, 0, 0, '|u53|', 55, 1, '1349954425', '', 20, 1349954066, 1, 'audio|5||audio|6||audio|6||', 55, '', 0, 0, '', 0, '', '');
INSERT INTO `vii_wall` VALUES (18, 0, 1, '|u53|', 55, 1, '1349954700', 'v v', 0, 0, 0, '', 55, '', 0, 0, '', 0, '', '');
INSERT INTO `vii_wall` VALUES (19, 0, 0, '', 55, 0, '1349954865', 'nhgng', 0, 0, 0, '', 53, '', 0, 0, '', 0, '', '');
INSERT INTO `vii_wall` VALUES (20, 0, 0, '', 53, 0, '1349956293', '', 0, 0, 0, 'smile|8.gif||', 53, '', 0, 0, '', 0, '', '');
INSERT INTO `vii_wall` VALUES (21, 0, 1, '', 56, 0, '1349973486', 'j', 0, 0, 0, '', 56, '', 0, 0, '', 0, '', '');
INSERT INTO `vii_wall` VALUES (23, 0, 1, '|u53|', 56, 1, '1349973501', '<div class="profile_update_photo"><a href="" onClick="Photo.Profile(''56'', ''c5daf549023972e.jpg''); return false"><img src="/uploads/users/56/o_c5daf549023972e.jpg" style="margin-top:3px"></a></div>', 0, 0, 0, '', 56, 'обновил фотографию на странице:', 0, 0, '', 0, '', '');
INSERT INTO `vii_wall` VALUES (25, 23, 0, '', 53, 0, '1349973706', 'в', 0, 0, 0, '', 56, '', 0, 0, '', 0, '', '');
INSERT INTO `vii_wall` VALUES (26, 21, 0, '', 53, 0, '1349973722', 'в', 0, 0, 0, '', 56, '', 0, 0, '', 0, '', '');
INSERT INTO `vii_wall` VALUES (27, 18, 0, '', 53, 0, '1349973726', 'в', 0, 0, 0, '', 55, '', 0, 0, '', 0, '', '');
INSERT INTO `vii_wall` VALUES (28, 15, 0, '', 53, 0, '1349973744', 'в', 0, 0, 0, '', 55, '', 0, 0, '', 0, '', '');
INSERT INTO `vii_wall` VALUES (29, 0, 0, '', 53, 0, '1349973785', 'свясяс', 0, 0, 0, '', 56, '', 0, 0, '', 0, '', '');
INSERT INTO `vii_wall` VALUES (30, 0, 0, '', 53, 0, '1349973875', '<div class="profile_update_photo"><a href="" onClick="Photo.Profile(''56'', ''c5daf549023972e.jpg''); return false"><img src="/uploads/users/56/o_c5daf549023972e.jpg" style="margin-top:3px"></a></div>', 56, 1349973501, 0, '', 53, '', 0, 0, '', 0, '', '');
INSERT INTO `vii_wall` VALUES (31, 0, 1, '|u53|', 56, 1, '1349973974', '<div class="profile_update_photo"><a href="" onClick="Photo.Profile(''56'', ''90a8736a45457bf.jpg''); return false"><img src="/uploads/users/56/o_90a8736a45457bf.jpg" style="margin-top:3px"></a></div>', 0, 0, 0, '', 56, 'обновил фотографию на странице:', 0, 0, '', 0, '', '');
INSERT INTO `vii_wall` VALUES (32, 31, 0, '', 53, 0, '1349974082', 'чы', 0, 0, 0, '', 56, '', 0, 0, '', 0, '', '');
INSERT INTO `vii_wall` VALUES (33, 0, 0, '', 56, 0, '1349974097', '', 0, 0, 0, 'smile|27.gif||', 56, '', 0, 0, '', 0, '', '');
INSERT INTO `vii_wall` VALUES (34, 0, 0, '|u53|', 55, 1, '1350020951', '', 0, 0, 0, 'hack|start||vote|3||', 55, '', 0, 0, '', 0, '', '');
INSERT INTO `vii_wall` VALUES (35, 0, 0, '', 53, 0, '1350021153', '', 0, 0, 0, 'audio|7||', 53, '', 0, 0, '', 0, '', '');
INSERT INTO `vii_wall` VALUES (36, 0, 0, '|u55|', 53, 1, '1350021170', '', 0, 0, 0, 'video|d43aee095de1354.jpg|14|53||', 53, '', 0, 0, '', 0, '', '');
INSERT INTO `vii_wall` VALUES (37, 0, 2, '|u53|', 55, 1, '1350021205', '', 0, 0, 0, 'photo_u|attach|ae3de53b2ae6d185f99c.gif||', 55, '', 0, 0, '', 0, '', '');
INSERT INTO `vii_wall` VALUES (38, 37, 0, '', 53, 0, '1350021215', 'bfb', 0, 0, 0, '', 55, '', 0, 0, '', 0, '', '');
INSERT INTO `vii_wall` VALUES (39, 0, 0, '', 57, 0, '1350021509', '<div class="profile_update_photo"><a href="" onClick="Photo.Profile(''57'', ''f1f1641ae105362.jpg''); return false"><img src="/uploads/users/57/o_f1f1641ae105362.jpg" style="margin-top:3px"></a></div>', 0, 0, 0, '', 57, 'обновил фотографию на странице:', 0, 0, '', 0, '', '');
INSERT INTO `vii_wall` VALUES (40, 0, 0, '', 53, 0, '1350022017', 'Скоро закрою сайт!', 0, 0, 0, '', 53, '', 0, 0, '', 0, '', '');
INSERT INTO `vii_wall` VALUES (41, 0, 0, '', 53, 0, '1350044304', '', 0, 0, 0, 'photo_u|attach|a4a459ef5a5c05c092d5.jpg||', 53, '', 0, 0, '', 0, '', '');
INSERT INTO `vii_wall` VALUES (42, 37, 0, '', 53, 0, '1350044529', 'sd', 0, 0, 0, '', 55, '', 0, 0, '', 0, '', '');
INSERT INTO `vii_wall` VALUES (43, 0, 0, '', 53, 0, '1350047466', '<div class="profile_update_photo"><a href="" onClick="Photo.Profile(''53'', ''e9832e9058a4e07.jpg''); return false"><img src="/uploads/users/53/o_e9832e9058a4e07.jpg" style="margin-top:3px"></a></div>', 0, 0, 0, '', 53, 'обновил фотографию на странице:', 0, 0, '', 0, '', '');
INSERT INTO `vii_wall` VALUES (44, 0, 0, '', 53, 0, '1350047610', 'vfd', 0, 0, 0, '', 53, '', 0, 0, '', 0, '', '');
INSERT INTO `vii_wall` VALUES (46, 0, 0, '|u61||u60||u59|', 59, 3, '1352903540', 'Мы делаем Мир лучше!', 0, 0, 0, '', 59, '', 0, 0, '', 0, '', '');
INSERT INTO `vii_wall` VALUES (56, 0, 0, '', 61, 0, '1353066108', '<div class="profile_update_photo"><a href="" onClick="Photo.Profile(''61'', ''2cbc9ca736c3c3a.jpg''); return false"><img src="/uploads/users/61/o_2cbc9ca736c3c3a.jpg" style="margin-top:3px"></a></div>', 0, 0, 0, '', 61, 'обновил фотографию на странице:', 0, 0, '', 0, '', '');
INSERT INTO `vii_wall` VALUES (49, 47, 0, '', 59, 0, '1352908410', 'ыыыыыыыыыы', 0, 0, 0, '', 60, '', 0, 0, '', 0, '', '');
INSERT INTO `vii_wall` VALUES (50, 0, 2, '|u61||u60|', 60, 2, '1352912637', 'приглашаю', 0, 0, 0, 'photo_u|attach|171a9f0dc8e98800ed73.jpg||', 59, '', 0, 0, '', 0, '', '');
INSERT INTO `vii_wall` VALUES (51, 50, 0, '', 59, 0, '1352912660', '=)', 0, 0, 0, '', 59, '', 0, 0, '', 0, '', '');
INSERT INTO `vii_wall` VALUES (52, 50, 0, '', 60, 0, '1352912668', ':)', 0, 0, 0, '', 59, '', 0, 0, '', 0, '', '');
INSERT INTO `vii_wall` VALUES (53, 0, 0, '|u61||u59|', 59, 2, '1352934526', '', 0, 0, 0, 'audio|17||audio|12||audio|11||', 60, '', 0, 0, '', 0, '', '');
INSERT INTO `vii_wall` VALUES (55, 0, 0, '|u61|', 60, 1, '1353000937', '<div class="profile_update_photo"><a href="" onClick="Photo.Profile(''60'', ''e2cdc6295d6fec6.jpg''); return false"><img src="/uploads/users/60/o_e2cdc6295d6fec6.jpg" style="margin-top:3px"></a></div>', 0, 0, 0, '', 60, 'обновил фотографию на странице:', 0, 0, '', 0, '', '');

-- --------------------------------------------------------

-- 
-- Структура таблицы `vii_wall_like`
-- 

CREATE TABLE `vii_wall_like` (
  `rec_id` int(11) NOT NULL,
  `user_id` int(11) NOT NULL,
  `date` text NOT NULL
) ENGINE=MyISAM AUTO_INCREMENT=54 DEFAULT CHARSET=utf8;

-- 
-- Дамп данных таблицы `vii_wall_like`
-- 

INSERT INTO `vii_wall_like` VALUES (15, 53, '1349955121');
INSERT INTO `vii_wall_like` VALUES (17, 53, '1349955118');
INSERT INTO `vii_wall_like` VALUES (18, 53, '1349960590');
INSERT INTO `vii_wall_like` VALUES (23, 53, '1349973701');
INSERT INTO `vii_wall_like` VALUES (31, 53, '1349974085');
INSERT INTO `vii_wall_like` VALUES (34, 53, '1350020993');
INSERT INTO `vii_wall_like` VALUES (36, 55, '1350021178');
INSERT INTO `vii_wall_like` VALUES (37, 53, '1350021211');
INSERT INTO `vii_wall_like` VALUES (45, 59, '1352908605');
INSERT INTO `vii_wall_like` VALUES (46, 59, '1352903542');
INSERT INTO `vii_wall_like` VALUES (47, 60, '1352904334');
INSERT INTO `vii_wall_like` VALUES (50, 60, '1353065934');
INSERT INTO `vii_wall_like` VALUES (53, 59, '1352936038');
INSERT INTO `vii_wall_like` VALUES (46, 60, '1353065935');
INSERT INTO `vii_wall_like` VALUES (45, 60, '1353065940');
INSERT INTO `vii_wall_like` VALUES (55, 61, '1353197280');
INSERT INTO `vii_wall_like` VALUES (53, 61, '1353066116');
INSERT INTO `vii_wall_like` VALUES (46, 61, '1353066127');
INSERT INTO `vii_wall_like` VALUES (45, 61, '1353066132');
INSERT INTO `vii_wall_like` VALUES (50, 61, '1353066135');
        